vided by d.
0
Let g(s) be the third derivative of -s**4/3 - s**3 - 6*s**2. What is the remainder when g(-6) is divided by 15?
12
Let x(i) = -i + 13. Let o be x(7). Let m = 2 - o. What is the remainder when 26 is divided by m/(-14) - 183/(-21)?
8
Let v(m) = 3*m**2 - m - 3*m**3 + 1 + 5*m**3 - 2*m. Suppose 5*h + 5*c - 235 = 0, -3*h - 135 = -6*h - c. What is the remainder when h is divided by v(2)?
21
Let k(u) = -u**3 - u + 7. Let v be k(0). Suppose 4*l + 2 = 5*l - a, -2*a - v = -3*l. Calculate the remainder when (12/10)/(12/40) is divided by l.
1
Suppose 3*h + 2*n = 149, -4*h + 0*n + 198 = 2*n. Calculate the remainder when h is divided by 13.
10
Suppose 29 = 4*o - 35. Suppose 2*i - o = -0*i. What is the remainder when 13 is divided by i?
5
Let z(q) = q**3 + 8*q**2 + 9*q + 5. What is the remainder when z(-6) is divided by 4/(-20) + (-132)/(-10)?
10
Let x = -80 - -118. Suppose 3*v - 52 = 2*v. Suppose -j = -5*j + v. What is the remainder when x is divided by j?
12
Let a(n) = n**2 - 2. Let b be a(2). Let z = 0 + b. Suppose z*m - 3*c = 11, -m = 3*m + 5*c - 77. Calculate the remainder when m is divided by 7.
6
Suppose 0 = -5*b - 4 - 1. Let v be b - (1 + (-1 - 25)). Suppose -2*n + 2*u + 16 = 0, -3*n + v = 2*u - 0*u. What is the remainder when 22 is divided by n?
6
Let w = 25 + -21. What is the remainder when 9 is divided by w?
1
Let y(k) = 40*k. Calculate the remainder when y(1) is divided by 21/2*72/54.
12
Let l = -361 - -371. Let w = 35 + -107. Let s = -44 - w. What is the remainder when s is divided by l?
8
Calculate the remainder when (116/(-16))/((-7)/56) is divided by 16.
10
Let x(m) = -m**3 + 3*m**2 + 4*m + 2. Let w be x(4). Suppose w*u - 24 = -4. Calculate the remainder when u is divided by 6.
4
Let q = 3 + -1. Suppose 2*d + 15 - 1 = 3*p, -p = 2*d + 6. What is the remainder when q is divided by p?
0
Let n = 3 + 120. Calculate the remainder when n is divided by 18.
15
What is the remainder when 71 is divided by 2/9 - (-800)/45?
17
What is the remainder when 1 + (-7)/9 + (-30108)/(-351) is divided by 22?
20
Let f be (-18)/4*12/(-9). Suppose k = f*k + 85. Calculate the remainder when 33 is divided by 3/3*-1*k.
16
Let q(w) = -w**3 + 2*w**2 + 2*w - 5. What is the remainder when q(-4) is divided by 28?
27
Let u = 5 - 6. Calculate the remainder when (-25)/u + 0/1 is divided by 13.
12
Let f(h) = 150*h - 15. What is the remainder when f(2) is divided by 22?
21
Suppose -511 = -14*y - 91. Let b be 3/(-9) - (-4)/(-6). Let g = b - -17. What is the remainder when y is divided by g?
14
Let y = -22 - -72. Suppose 4*m = y + 10. Suppose 4*f + i + 0*i = 173, 0 = f + 4*i - 47. What is the remainder when f is divided by m?
13
Calculate the remainder when 11 is divided by (-2 + 6)*11/11.
3
Let z(b) = b**3 + 8*b**2 - b + 3. Calculate the remainder when 85 is divided by z(-8).
8
Let i(f) = 3*f**2 + f. Let j be i(1). Suppose -p + 1 = j*k - 0*p, -k - p = -1. What is the remainder when 53 is divided by (-60)/(-3) + (k - 2)?
17
Let o = 16 + -9. Let u(r) = -4*r - 16. What is the remainder when u(-9) is divided by o?
6
Let t be 18*(-1 + 3) - -1. Calculate the remainder when 0/(-7) + t*1 is divided by 13.
11
Let v(d) = -2 + 2 + 1 - 3 - d. Calculate the remainder when 2 is divided by v(-4).
0
Let w(v) = 3*v + 61. Calculate the remainder when 38 is divided by w(-17).
8
Let y(o) = -4*o**3 - 2*o**2 + 1. Calculate the remainder when y(-2) is divided by 79/11 + ((-72)/(-44))/(-9).
4
Calculate the remainder when -1*(15/5 + -12) is divided by 5.
4
Suppose 5*c = f + 2*f + 53, 4*f = c + 3. Calculate the remainder when 37 is divided by c.
11
Let b = 19 - -2. Let p = 22 - -39. Calculate the remainder when p is divided by b.
19
Suppose 3*z + 3 = 4*u, 3*z - 4*u + 3 = -2*u. Let n(d) = -50*d + 2. Calculate the remainder when n(z) is divided by 11.
8
Let n = -12 - -65. What is the remainder when n is divided by 18?
17
Suppose -16 = 3*y - 7*y. What is the remainder when 9 is divided by (12/(-8))/((-3)/y)?
1
Suppose -4*o + 4 = -4*v - 12, -3*v + 9 = 4*o. Let k = -3 + 6. What is the remainder when k is divided by o?
0
Let s = 1 - 0. Let g be 5 - (s + (1 - 2)). Suppose 35 = 5*u - g*h, -3*h - 7 = 2*u + 4. What is the remainder when u is divided by 1?
0
Suppose 2*v - 4 = 0, 14 + 9 = j + 4*v. Calculate the remainder when ((-208)/(-65))/(2/j) is divided by 5.
4
Let k(s) = -s**3 - 9*s**2 + 16*s - 1. What is the remainder when k(-11) is divided by 22?
21
Suppose f = 3*f + 30. What is the remainder when (20/f)/(2/(-51)) is divided by 18?
16
Suppose 324 = 2*t + 2*t. Calculate the remainder when t is divided by 21.
18
Suppose -2*i - 6 = -0*i. What is the remainder when 0 + (-3 - i) - -53 is divided by 18?
17
Suppose -3*l + 2 = -16. What is the remainder when l is divided by 5?
1
What is the remainder when (-2 - (-58)/4)*2 is divided by ((-429)/(-22))/(6/4)?
12
Let f = 36 - 21. Calculate the remainder when 43 is divided by f.
13
Suppose -s = -3*s, -2*s - 56 = -4*w. Calculate the remainder when 111 is divided by w.
13
Suppose -10*m + 104 = -6*m. Calculate the remainder when m is divided by 10.
6
What is the remainder when 16/(-8) + -4*(-46)/4 is divided by 15?
14
Let o(l) = 6*l + 3. Let d = 4 - 6. Let y be o(d). Let n = y - -29. What is the remainder when n is divided by 11?
9
Let f(y) = -y**3 - 4*y**2 - 3*y - 1. What is the remainder when f(-5) is divided by 20?
19
What is the remainder when 102*(8/(-12) + 1) is divided by 19?
15
Let n = 84 + -54. What is the remainder when 59 is divided by n?
29
Let x(j) = 5*j + 7. Let z(n) = n + 2. Let u(o) = 2*x(o) - 9*z(o). What is the remainder when 4 is divided by u(7)?
1
Let y = 5 + -1. Suppose 0 = -i + 3*i + y*x - 14, 2*x = -2*i + 22. Suppose 3*p = 2*r + i, -2*r + r = -2*p + 11. What is the remainder when 12 is divided by p?
5
Suppose 2*r = -0*r + 8. Suppose 2*n = -0 - r. Let k(j) = j**3 + 4*j**2 + j + 1. Calculate the remainder when 12 is divided by k(n).
5
Suppose -12*n = -9*n - 63. Calculate the remainder when 79 is divided by n.
16
Let y(i) = 4*i + 4*i + 4*i - 4 - 4*i - i**2. What is the remainder when 29 is divided by y(6)?
5
Let q(v) = 17*v**2 - 1. What is the remainder when q(-1) is divided by 5?
1
Suppose -i + 2*i - 91 = 0. What is the remainder when i is divided by 23?
22
Let r be (-2)/6 + (-146)/(-6). Suppose 0 = 2*t - 30 - r. Calculate the remainder when 107 is divided by t.
26
Let g(y) = y**3 - y**2 - y + 15. Let h(s) = 2*s**2 - 5*s + 1. What is the remainder when h(6) is divided by g(0)?
13
Let t = 202 - 138. Suppose n = -5*b + 56, 4*b + t = n + b. What is the remainder when n is divided by 21?
19
Suppose 3*i - 118 = -5*k, -2*k + 1 = -9. Suppose 10 = -3*w + i. Let g = 8 - -5. Calculate the remainder when g is divided by w.
6
Let r(a) be the first derivative of -3*a**2/2 - 9*a - 2. Calculate the remainder when r(-8) is divided by 9.
6
Calculate the remainder when 33 is divided by 3/(-3) - (-7 - 3).
6
Suppose 10 = 2*d + y, -3 + 13 = 2*d - y. Suppose 18 = -5*h + 63. What is the remainder when h is divided by d?
4
Let u(g) = -34*g - 2. Let v(d) = 33*d + 2. Let o(t) = -2*u(t) - 3*v(t). Calculate the remainder when o(-2) is divided by 16.
12
What is the remainder when 468/13 - -2*2/(-4) is divided by -1*1*(-13 - -1)?
11
Let y be -1*(4/(-1))/(-2). Calculate the remainder when (2 + 1)/(y/(-6)) is divided by 5.
4
Let f = -50 + 82. Let r = f + -3. What is the remainder when r is divided by 2/5 - (-146)/10?
14
Let c(n) = n**3 + 7*n**2 - 5*n - 8. What is the remainder when c(-7) is divided by 14?
13
Suppose -2*i + 6*i - 16 = 0. Let a = 7 - 3. Suppose 0 = 3*g - u - 32, 0 = -4*u + a - 0. Calculate the remainder when g is divided by i.
3
Suppose 11*g = -4*g + 945. What is the remainder when g is divided by 16?
15
Suppose 0 = -n + 64 - 19. Suppose -i = 7 - 23. Calculate the remainder when n is divided by i.
13
Let q be (-6)/(-8) + 9/4. Suppose -q*g = 2*y + 2*y - 50, 4*y - 40 = -2*g. Calculate the remainder when 17 is divided by (0 + (-6)/g)*-15.
8
Let x(z) = z**3 - z**2. Let v(p) = 4 - 3*p**2 + p**2 - 3*p**3 + 0*p + 5*p**2 - p. Let i(m) = v(m) + 4*x(m). Calculate the remainder when i(3) is divided by 10.
9
Suppose 9*v = 5*v + 64. Suppose 0*n = 5*n - 155. What is the remainder when n is divided by v?
15
Let g = 162 - 114. Let x = -17 + g. Calculate the remainder wh